e of 29?
True
Does 46 divide 538?
False
Does 86 divide 73395?
False
Is 1130 a multiple of 49?
False
Is 80 a factor of 9440?
True
Does 133 divide 25802?
True
Does 5 divide 15275?
True
Does 7 divide 17947?
False
Is 16 a factor of 802?
False
Is 5959 a multiple of 101?
True
Does 28 divide 6076?
True
Is 5822 a multiple of 24?
False
Does 5 divide 546?
False
Is 78424 a multiple of 61?
False
Does 4 divide 420?
True
Does 17 divide 17476?
True
Is 266 a multiple of 86?
False
Does 7 divide 280?
True
Is 195 a multiple of 13?
True
Does 9 divide 31?
False
Is 60350 a multiple of 46?
False
Does 9 divide 133?
False
Is 16 a factor of 6580?
False
Is 400 a factor of 45333?
False
Is 32 a factor of 2624?
True
Is 171 a multiple of 2?
False
Is 5 a factor of 2305?
True
Does 12 divide 6655?
False
Is 1194 a multiple of 14?
False
Does 27 divide 17332?
False
Is 465 a multiple of 3?
True
Is 57 a factor of 912?
True
Does 2 divide 7204?
True
Is 26 a factor of 8450?
True
Is 5589 a multiple of 106?
False
Is 327 a multiple of 11?
False
Is 4 a factor of 1057?
False
Is 42 a factor of 140?
False
Does 15 divide 15195?
True
Is 1170 a multiple of 5?
True
Is 42 a factor of 2529?
False
Is 93 a multiple of 7?
False
Is 141 a factor of 13773?
False
Is 10 a factor of 1397?
False
Is 8 a factor of 1296?
True
Does 49 divide 98?
True
Does 8 divide 15712?
True
Is 1683 a multiple of 76?
False
Is 806 a multiple of 13?
True
Is 141 a factor of 34357?
False
Is 4 a factor of 124?
True
Does 17 divide 815?
False
Does 3 divide 168?
True
Does 18 divide 360?
True
Is 2925 a multiple of 10?
False
Does 60 divide 1080?
True
Does 11 divide 25102?
True
Is 26 a factor of 71824?
False
Is 20 a factor of 6780?
True
Is 24 a factor of 1080?
True
Is 7 a factor of 350?
True
Is 4823 a multiple of 81?
False
Is 4755 a multiple of 15?
True
Is 9 a factor of 531?
True
Does 43 divide 23766?
False
Is 62 a factor of 5704?
True
Is 15 a factor of 7815?
True
Does 18 divide 810?
True
Is 76004 a multiple of 31?
False
Is 44096 a multiple of 13?
True
Is 5 a factor of 475?
True
Is 4403 a multiple of 175?
False
Does 36 divide 396?
True
Does 10 divide 54088?
False
Is 12 a factor of 61249?
False
Is 230 a factor of 52659?
False
Does 5 divide 373?
False
Is 41377 a multiple of 11?
False
Is 930 a multiple of 30?
True
Does 32 divide 800?
True
Is 81 a multiple of 11?
False
Is 26 a factor of 15834?
True
Does 31 divide 7657?
True
Does 13 divide 2649?
False
Is 73 a factor of 6205?
True
Does 23 divide 11473?
False
Does 6 divide 978?
True
Does 5 divide 415?
True
Is 122 a factor of 9906?
False
Is 869 a multiple of 11?
True
Is 45125 a multiple of 95?
True
Is 6 a factor of 3288?
True
Is 2367 a multiple of 9?
True
Is 520 a multiple of 4?
True
Is 8 a factor of 400?
True
Is 556 a multiple of 16?
False
Is 11 a factor of 915?
False
Is 24 a factor of 2050?
False
Is 31 a factor of 19955?
False
Does 5 divide 314?
False
Is 15 a factor of 2475?
True
Is 73 a factor of 43946?
True
Is 378 a multiple of 5?
False
Is 9502 a multiple of 239?
False
Is 782 a multiple of 37?
False
Is 10 a factor of 360?
True
Does 21 divide 42739?
False
Is 91299 a multiple of 92?
False
Is 93 a factor of 279?
True
Is 10 a multiple of 4?
False
Is 303 a factor of 49692?
True
Is 88 a factor of 32120?
True
Does 8 divide 144?
True
Does 70 divide 9736?
False
Does 163 divide 6892?
False
Does 52 divide 6396?
True
Is 67 a factor of 3129?
False
Is 200 a multiple of 25?
True
Is 18 a factor of 1044?
True
Does 15 divide 2875?
False
Is 1972 a multiple of 15?
False
Is 432 a multiple of 8?
True
Is 52 a factor of 26572?
True
Does 41 divide 820?
True
Is 16160 a multiple of 160?
True
Is 13 a factor of 142885?
False
Is 8 a factor of 14463?
False
Is 1360 a multiple of 17?
True
Does 14 divide 1596?
True
Is 5 a factor of 509?
False
Is 10143 a multiple of 10?
False
Is 58 a factor of 4930?
True
Does 34 divide 8398?
True
Is 2558 a multiple of 96?
False
Does 102 divide 9837?
False
Is 1783 a multiple of 42?
False
Is 8348 a multiple of 49?
False
Is 19 a factor of 1320?
False
Is 18 a factor of 9615?
False
Is 5 a factor of 313?
False
Does 18 divide 954?
True
Does 33 divide 114?
False
Is 561 a multiple of 61?
False
Is 35496 a multiple of 116?
True
Is 432 a multiple of 24?
True
Is 22 a factor of 990?
True
Does 46 divide 6784?
False
Is 5 a factor of 865?
True
Is 17468 a multiple of 44?
True
Does 86 divide 1355?
False
Does 21 divide 273?
True
Does 29 divide 2573?
False
Is 8 a factor of 33656?
True
Is 2420 a multiple of 110?
True
Is 943 a multiple of 41?
True
Is 27 a factor of 12096?
True
Is 67 a factor of 4305?
False
Does 17 divide 2247?
False
Is 5344 a multiple of 41?
False
Does 51 divide 230?
False
Is 20 a factor of 47936?
False
Is 11 a factor of 127?
False
Is 2478 a multiple of 6?
True
Does 3 divide 1617?
True
Does 7 divide 154?
True
Does 3 divide 348?
True
Does 11 divide 12817?
False
Does 21 divide 12096?
True
Is 69 a factor of 56511?
True
Is 26394 a multiple of 166?
True
Is 7 a factor of 2563?
False
Does 13 divide 184?
False
Is 3286 a multiple of 9?
False
Is 42 a factor of 12925?
False
Does 16 divide 3072?
True
Is 208 a factor of 18512?
True
Does 16 divide 21990?
False
Is 46 a factor of 776?
False
Is 342 a multiple of 6?
True
Is 85 even?
False
Does 7 divide 506?
False
Is 61500 a multiple of 150?
True
Is 248 a multiple of 27?
False
Does 13 divide 82769?
False
Is 96756 a multiple of 125?
False
Does 17 divide 640?
False
Does 17 divide 440?
False
Is 535 a factor of 161035?
True
Is 357 a multiple of 26?
False
Is 55 a factor of 46750?
True
Is 36 a factor of 23576?
False
Does 9 divide 312?
False
Does 29 divide 6119?
True
Is 8929 a multiple of 59?
False
Is 1962 a multiple of 3?
True
Does 106 divide 3816?
True
Does 127 divide 52387?
False
Does 9 divide 152?
False
Is 3771 a multiple of 12?
False
Is 11 a factor of 275?
True
Is 33 a multiple of 3?
True
Is 6058 a multiple of 26?
True
Does 15 divide 35162?
False
Does 13 divide 3130?
False
Does 3 divide 22?
False
Is 20 a factor of 4000?
True
Is 49 a factor of 12103?
True
Is 82612 a multiple of 155?
False
Does 9 divide 270?
True
Does 15 divide 420?
True
Does 4 divide 68?
True
Is 108 a factor of 2160?
True
Is 88 a multiple of 12?
False
Does 16 divide 6704?
True
Is 11 a factor of 324?
False
Is 72 a factor of 3042?
False
Is 5895 a multiple of 45?
True
Is 290 a multiple of 29?
True
Does 96 divide 5568?
True
Is 87 a factor of 5661?
False
Is 15 a factor of 5685?
True
Is 26 a factor of 3135?
False
Is 786 a multiple of 83?
False
Is 504 a multiple of 8?
True
Is 9 a factor of 74?
False
Is 10 a factor of 622?
False
Is 362 a multiple of 47?
False
Is 3 a factor of 771?
True
Is 25 a factor of 1253?
False
Is 2 a factor of 1571?
False
Does 88 divide 2816?
True
Is 40 a factor of 774?
False
Is 416 a multiple of 32?
True
Is 20 a factor of 20842?
False
Is 6820 a multiple of 62?
True
Is 115 a factor of 5635?
True
Does 25 divide 2000?
True
Is 56 a factor of 413?
False
Is 1224 a multiple of 72?
True
Does 10 divide 3061?
False
Is 8263 a multiple of 23?
False
Is 13 a factor of 7072?
True
Is 3306 a multiple of 35?
False
Is 57 a factor of 59960?
False
Does 12 divide 1337?
False
Is 24 a factor of 720?
True
Is 47 a multiple of 3?
False
Is 20 a factor of 40860?
True
Is 88 a factor of 9117?
False
Is 22 a factor of 3056?
False
Does 34 divide 34?
True
Is 3775 a multiple of 10?
False
Is 16 a factor of 320?
True
Does 10 divide 61590?
True
Does 11 divide 43?
False
Does 32 divide 4576?
True
Does 2 divide 28?
True
Is 278 a multiple of 20?
False
Is 11513 a multiple of 20?
False
Does 10 divide 220?
True
Does 9 divide 16083?
True
Is 2 a factor of 1766?
True
Does 13 divide 4935?
False
Is 4727 a multiple of 12?
False
Does 14 divide 2464?
True
Is 5448 a multiple of 7?
False
Is 45 a factor of 35415?
True
Is 184 a multiple of 8?
True
Is 55694 a multiple of 21?
False
Is 97 a factor of 1063?
False
Is 2618 a multiple of 7?
True
Does 15 divide 1560?
True
Is 252 a multiple of 21?
True
Is 17778 a multiple of 56?
False
Does 12 divide 32929?
False
Is 25 a factor of 23150?
True
Does 26 divide 44538?
True
Does 29 divide 4375?
False
Does 9 divide 206?
False
Does 23 divide 4232?
True
Is 51 a factor of 2051?
False
Is 22 a factor of 1020?
False
Is 567 a multiple of 94?
False
Does 13 divide 90272?
True
Is 3311 a multiple of 11?
True
Does 26 